g(y) = 301*y - 5990. Let p be g(20). Calculate the highest common factor of 2535 and p.
15
Let x(p) = -22*p - 425. Let c be x(-20). Suppose 0 = c*g - 45 - 255. What is the highest common factor of g and 20?
20
Suppose -92 + 739 = k - 397. What is the greatest common factor of 145 and k?
29
Let y(o) = -4*o**2 + 45*o - 4. Let c be y(10). Let p = 52 - c. Let q(z) = 10*z - 22. Let k be q(p). What is the highest common divisor of 19 and k?
19
Let q = 6691 - 3071. What is the greatest common factor of 20 and q?
20
Let f(w) = -w**2 - 41*w - 66. Let k be f(-39). Let y = -45 + 147. What is the greatest common factor of k and y?
6
Suppose 0 = 11*b + 14*b - 31*b + 114. What is the highest common factor of 19 and b?
19
Let h = -159 + 231. Let y be (68/8 + -4)*2. What is the highest common factor of y and h?
9
Let i(m) = -m**3 + 14*m**2 - 10*m + 14. Let d be i(9). What is the greatest common factor of 7 and d?
7
Let a be ((-4)/(-6))/(8/12) - -62. Let t(c) = 4*c**2 - 5*c - 8. Let o be t(-2). What is the greatest common divisor of a and o?
9
Let h be 14700/(-1350)*(-27)/6. Calculate the greatest common divisor of 50029 and h.
49
Suppose 0 = -241*k + 310*k - 80040. What is the greatest common divisor of 200 and k?
40
Let r(f) = -170*f - 2652. Let l be r(-16). What is the highest common factor of l and 28356?
68
Let i be -13 + 1016/16 + 14/4. What is the greatest common divisor of i and 2403?
27
Suppose -6*b - 63 = -7*b. Suppose -6*g = -g - 945. What is the greatest common factor of g and b?
63
Let s = 38 + -35. Let t be 14/s + 2/(-3). Let p be 88 - (t + -3 + -1). Calculate the highest common divisor of p and 11.
11
Suppose 10*v - 13*v = -6. Let y be (-4 + v)/2 - -3. Suppose 0 = 2*w - y*x - 96, 4*w + x + 0 - 187 = 0. What is the greatest common factor of 141 and w?
47
Let g be ((-2)/(-5) + (-38)/95)/(-4). Suppose -4*o = 5*q - 572, g*q = -q - 3*o + 110. Calculate the highest common divisor of q and 145.
29
Let y(i) = 36*i + 420. Let x be y(-11). What is the greatest common divisor of x and 3?
3
Suppose -4*b + 90 = -22. Suppose -5*r + b = 2*r. Suppose 9*x = r*x + 640. What is the greatest common factor of x and 32?
32
Let c = 40854 + -19814. Calculate the highest common factor of 32 and c.
16
Let b(a) = -206 + 120*a - 55*a - 92*a. Let w be b(-10). What is the greatest common divisor of 12 and w?
4
Let g = -6102 + 6710. What is the greatest common factor of 418 and g?
38
Let q(o) = 2*o + 1 + 64*o**2 - 5 + 39*o**2 + 7. Let n be q(-1). Suppose -22*l + 18*l = -n. What is the highest common factor of 26 and l?
26
Let b = -10 + 26. Suppose 4*l = 0, 5*s + l = 161 + 164. Let y = 111 + s. What is the highest common factor of y and b?
16
Suppose -4*t - 830 = 5*y - 8*y, -530 = -2*y - 2*t. Suppose -5*i - 67*x + 68*x + 269 = 0, -2*i - 2*x = -110. What is the highest common divisor of i and y?
54
Let t be 24/((-88)/(-11)) + 0 + 25. Suppose -p + 82 - t = 0. What is the greatest common divisor of p and 72?
18
Let k(r) = 752*r - 25444. Let i be k(34). Let f be 2/(-3) + (-52)/(-6). Suppose 0 = 4*h - 116 - f. What is the highest common divisor of i and h?
31
Let i be 46 - 4/8*(-5)/(10/(-16)). What is the greatest common factor of i and 105?
21
Let c = -269 + 285. Let b = 10 - -7. Suppose 21*u = b*u + c. What is the greatest common factor of u and 28?
4
Let j be 24/14 - (-6)/21. Suppose 62*u - 1100 = 60*u. Let b = u + -546. Calculate the greatest common divisor of b and j.
2
Let u(h) = 3*h**2 - 8*h + 12. Let p be ((-18)/(-16)*-2)/((-4)/16). Let j = p - 3. Let v be u(j). Calculate the greatest common factor of v and 12.
12
Suppose -311 = -2*h - 311. Let k be (-370 - h)/(-5*18/45). Calculate the highest common factor of 37 and k.
37
Let b be 2/3 - (2 + 1644/(-18)). Let l be (2/3)/(-2 - (-184)/b). Suppose -l + 3 = -w. Calculate the greatest common divisor of 18 and w.
6
Let t(x) = x**2 + 33*x + 26. Let p be t(-40). What is the highest common divisor of p and 2652?
102
Let o = -359 + 501. Suppose -2*w + 261 = -m - 3, -3*m - o = -w. Let j = -8 - -18. Calculate the highest common factor of w and j.
10
Suppose -215*d + 428*d = 223*d - 2480. Calculate the highest common factor of 23684 and d.
124
Suppose 4*j = 16, 5*q - 16 = 3*q - 4*j. Let v be (-146)/(-2) + q + -1. Let l = 152259 - 152250. Calculate the highest common divisor of v and l.
9
Suppose 0 = -34*v + 236 + 2 + 544. Calculate the greatest common divisor of 437 and v.
23
Suppose 24 + 172 = 4*a - 4*r, 3*r + 9 = 0. What is the greatest common factor of a and 736?
46
Let k = -165 - -249. Let p = 151 + -79. Calculate the greatest common divisor of k and p.
12
Let z = 4439 - 4438. Calculate the greatest common factor of z and 352.
1
Let q = -54 - -39. Let j be (q/(-20))/(3/36). Let d = -1 + 7. Calculate the highest common factor of d and j.
3
Let f(m) = -24*m - 5*m + 11*m + 265 - 7*m. Let r be f(10). Calculate the highest common factor of r and 255.
15
Let a be (-246)/(-9) + 2/3. Let c be (2 + -1)*(-112)/(-52)*13. Calculate the greatest common divisor of c and a.
28
Let l(x) = -974*x**3 + 14*x**2 + 16*x + 4. Let q be l(-1). Calculate the greatest common factor of 96 and q.
16
Let j(b) = -82*b + 5621. Let v be j(68). Let r(o) = o**3 - 6*o**2 + 3*o - 3. Let f be r(4). Let x = f - -32. What is the greatest common divisor of v and x?
9
Suppose 0 = -4*a + a + 33. Let s(g) = -17*g - 13. Suppose -7 + 55 = -12*w. Let n be s(w). What is the highest common divisor of n and a?
11
Suppose -93 = -15*k + 993 - 36. What is the highest common factor of 4690 and k?
70
Suppose -2*u + 34 = -0*u. Let i(n) = -20*n + 15. Let w be i(31). Let x = -418 - w. Calculate the highest common divisor of x and u.
17
Let u be -5 + 5/(25/260). What is the greatest common factor of 4 and u?
1
Let d(y) = 1258*y - 8422. Let i be d(7). Calculate the highest common factor of i and 24000.
192
Let w(m) = 165*m - 3081. Let v be w(19). Calculate the greatest common factor of 414 and v.
18
Let g be (18/10 - 3)*(1 - 6). Suppose -4*s + 5 = p - g*s, -2*p + 12 = -3*s. What is the highest common factor of 72 and p?
9
Let c = 9427 - 5440. What is the greatest common divisor of 9 and c?
9
Let v be 2940 + ((24/2)/108 - (-8)/9). What is the highest common factor of 34 and v?
17
Suppose 4*y = -4*u + 88, 7*u - 42 = 5*y + 76. Let j = 232 - 23. What is the highest common factor of u and j?
19
Let v(o) = 26*o**3 - 2*o**2 + 4*o - 2. Let q be v(1). Let f be (-2)/(-4)*23/((-253)/(-88)). Calculate the greatest common divisor of f and q.
2
Suppose 0 = -48*j - 457 + 3577. Suppose -5*p + 26 + 104 = 0. What is the highest common factor of p and j?
13
Let g = -16272 + 16459. What is the greatest common factor of g and 1037?
17
Suppose -14813 = -10*s + 33*s - 84296. What is the highest common factor of s and 57?
57
Let a be ((-162)/(-15))/((-76)/(-7600)). Calculate the greatest common factor of 264 and a.
24
Let o = -44 - -58. Suppose -s + o = -m, -5*m - 13 - 45 = -4*s. Calculate the highest common divisor of s and 18.
6
Let j(r) = 23*r - 2*r**2 + 31*r + 2 - 53*r + r**2. Let h be j(3). Let b be -3 + -2 + (-564)/h. What is the greatest common factor of b and 17?
17
Suppose -2*v = l - 272, -24*v + 1477 = 5*l - 27*v. Calculate the highest common divisor of 16385 and l.
145
Let w = -10348 + 14700. What is the highest common factor of w and 34?
34
Let f be (-1)/2*(13 - 75). Suppose -112 = 24*l - f*l. Suppose -5*i + 82 = -2*u - 270, -3*i = -5*u - 196. What is the greatest common factor of l and i?
8
Let j(h) = 3*h + 39. Let b be j(-12). Suppose 5*s - 97 = -b*r, 2*s + 9 = r - s. What is the greatest common divisor of r and 204?
12
Let o = 117 - 97. Suppose -23*h = -18*h - o. Let n be (-2 - 6)/(h/(-54)). What is the highest common factor of 12 and n?
12
Suppose h - 20 = -s, 4*h + 32 = -19*s + 22*s. What is the greatest common factor of 41440 and s?
16
Let m = -19 - -25. Suppose -4*l + m = -2*u, -4*l + 5 = 4*u - 31. Suppose -4*k = 3*j - 6 - u, 5*j + 35 = 4*k. What is the greatest common factor of 40 and k?
5
Suppose 322 = 5*y - 2623. Let i = -1931 + 1950. What is the greatest common divisor of y and i?
19
Let v be 6/4 - (21/6 + -4). Suppose 3*d = -4*y + 59, y = -v*y - 3*d + 48. Suppose 0 = 4*s + y*s - 105. What is the greatest common factor of s and 49?
7
Let a be (4/6)/((-10)/(-45)). Suppose -5*k - 5 = 0, s